b - 38230. Give g(-164).
-182
Let p(u) = 14*u**2 - 105*u - 35. Give p(11).
504
Let v(o) = 1804*o + 26985. Give v(-15).
-75
Let j(h) = -2*h**2 - 2093*h - 160030. Calculate j(-83).
-89
Let h(j) = -3129*j - 37527. What is h(-12)?
21
Let u(i) = -10*i - 214. Determine u(-38).
166
Let w(m) = 752*m - 388863. What is w(517)?
-79
Let m(s) = 4*s**3 + 870*s - 66. Give m(0).
-66
Let f(n) = -6838*n + 2393295. Calculate f(350).
-5
Let j(o) = o**3 - 23*o**2 + 78*o. Calculate j(4).
8
Let l(t) = -t**3 + 2*t**2 + 65*t - 291. Give l(-9).
15
Let t(s) = 3879512*s + 3879514. Give t(-1).
2
Let i(w) = -2*w**3 - 369*w**2 + 184*w - 167. Give i(-185).
18
Let o(f) = f**3 - 12*f**2 - 61*f + 167. Give o(-5).
47
Let h(b) = -24060*b**2 - 216547*b - 3. What is h(-9)?
60
Let f(a) = -a**2 - 36*a + 14990. Give f(106).
-62
Let r(a) = 60*a**2 + 1991*a + 3. Calculate r(0).
3
Let x(b) = 29*b**2 - 3190*b - 16667. What is x(115)?
8
Let r(h) = -3*h**3 - 351*h**2 - 1020*h + 177. Determine r(-114).
-507
Let l(v) = -13*v**2 - 57*v - 51. Give l(0).
-51
Let s(n) = 19*n**3 + 2*n**2 - 14*n - 47. Calculate s(-3).
-500
Let k(u) = 4*u**2 + 293*u + 4734. Calculate k(-24).
6
Let k(n) = 2*n**3 - 67*n**2 + 277*n - 10523. What is k(34)?
51
Let u(w) = -w**3 - 54*w**2 - 2199*w - 19038. What is u(-11)?
-52
Let z(g) = -10920*g - 65443. What is z(-6)?
77
Let n(d) = -6*d**2 + 124*d + 553. What is n(17)?
927
Let i(s) = -225*s**2 + 1320*s - 8. Determine i(6).
-188
Let a(m) = -35546*m - 4869797. Give a(-137).
5
Let f(v) = -v**3 - 142*v**2 - 284*v - 534. Calculate f(-140).
26
Let l(b) = -24*b**2 + 15705*b - 5880. What is l(654)?
6
Let o(q) = -39019*q - 468219. Give o(-12).
9
Let d(z) = 374*z + 46184. Give d(-124).
-192
Let f(b) = -986*b - 5001. Give f(-6).
915
Let m(i) = -36611*i - 878665. Calculate m(-24).
-1
Let x(b) = -575*b + 151. Calculate x(0).
151
Let y(o) = o**2 + 58709*o - 293561. Give y(5).
9
Let y(o) = 3*o**3 - 4044*o**2 - 20265*o + 8. Calculate y(-5).
-142
Let t(o) = -13427*o + 53751. What is t(4)?
43
Let h(i) = -3937*i - 15760. Determine h(-4).
-12
Let t(i) = -3601*i + 20101. Give t(6).
-1505
Let w(o) = 33*o**3 - 6*o**2 - 9*o - 2. Give w(-1).
-32
Let i(x) = 11*x**2 + 3298*x + 9881. Give i(-3).
86
Let f(w) = w**2 + 65*w + 645. What is f(-58)?
239
Let v(z) = 8144*z + 130303. What is v(-16)?
-1
Let v(t) = -12922*t**2 - 297207*t - 42. Give v(-23).
-19
Let u(a) = -3*a**3 - 62*a**2 - 14*a + 572. What is u(-20)?
52
Let z(g) = -257891*g + 515771. What is z(2)?
-11
Let w(s) = 2*s**3 - 46*s**2 + 164*s + 241. Calculate w(18).
-47
Let k(w) = -5*w**3 - 409*w**2 + 36*w - 3725. Calculate k(-82).
47
Let u(y) = -2097*y + 7581. Calculate u(4).
-807
Let x(f) = -f**2 + 164*f - 93. What is x(0)?
-93
Let l(p) = 2420*p + 67705. Give l(-28).
-55
Let l(w) = 31*w**3 - 370*w**2 - 54*w + 316. Determine l(12).
-44
Let j(u) = -378*u**2 + 1110*u + 68. Give j(3).
-4
Let s(v) = -7*v**3 - 59*v**2 - 239*v + 54. What is s(-5)?
649
Let a(t) = 245164*t - 1470978. Give a(6).
6
Let f(j) = 26*j**2 + 269*j + 144. Give f(-11).
331
Let k(y) = 11*y**2 + 190*y + 554. Calculate k(-14).
50
Let h(q) = 65*q + 658. Calculate h(-28).
-1162
Let x(a) = a**3 - 17*a**2 + 8*a - 80. What is x(7)?
-514
Let f(r) = -r**2 + 417*r - 25407. What is f(76)?
509
Let f(z) = -9575*z - 9574. Determine f(-1).
1
Let f(y) = 42*y**2 + 1512*y + 811. What is f(-36)?
811
Let r(i) = 3670*i + 26144. Give r(-7).
454
Let w(s) = 471*s - 2162. Give w(-6).
-4988
Let x(c) = 4*c**3 + 113*c**2 + 8*c - 190. Calculate x(-28).
370
Let o(f) = -224*f**3 - 1125*f**2 - 27*f - 16. Give o(-5).
-6
Let q(b) = -2*b**2 - 117*b - 1471. Give q(-16).
-111
Let z(t) = 9647*t - 1061146. Calculate z(110).
24
Let b(d) = -401*d**3 - 7220*d**2 - 40*d - 97. Determine b(-18).
-25
Let w(b) = 2*b**2 + 83*b - 329. Determine w(-61).
2050
Let c(l) = -32652*l - 261171. Give c(-8).
45
Let k(d) = -46*d**2 + 5006*d + 865. What is k(109)?
-7
Let v(h) = -2187*h - 27186. Determine v(-12).
-942
Let j(m) = -2*m**3 - 14*m**2 + 1858*m + 16739. Give j(-9).
341
Let k(l) = -2*l**3 - 103*l**2 + 155*l + 1160. Calculate k(4).
4
Let l(u) = 142*u**3 + 708*u**2 + 11*u + 2. Give l(-5).
-103
Let r(l) = -l**3 - 34*l**2 + 13*l + 214. Calculate r(-34).
-228
Let j(b) = 4*b**2 - 339*b + 5517. Determine j(22).
-5
Let w(k) = -k**3 + 396*k**2 + 18883*k + 316. What is w(-43)?
58
Let q(h) = -41335*h - 248001. Determine q(-6).
9
Let m(r) = -r**3 + 34*r**2 + 326*r + 282. What is m(42)?
-138
Let p(u) = -u**3 + 125*u**2 - 390*u + 3227. Determine p(122).
299
Let s(g) = -598*g**3 - 4*g**2 - 149*g - 146. What is s(-1)?
597
Let u(x) = -12*x**2 + 143*x + 1026. Give u(17).
-11
Let d(l) = -8869*l + 53205. What is d(6)?
-9
Let g(y) = 42*y**3 - 1482*y**2 + 415*y - 63. Determine g(35).
-238
Let p(r) = 17*r**2 + 2117*r + 6352. Give p(-3).
154
Let c(k) = k**3 - 1839*k**2 - 18499*k - 69. Give c(-10).
21
Let d(b) = b**2 - 1829*b - 1530662. Calculate d(-624).
10
Let o(j) = -3011*j + 17922. Determine o(6).
-144
Let c(k) = -4*k**3 - 92*k**2 - 17*k + 3193. What is c(-21)?
22
Let f(s) = -s**3 - s**2 + 809*s + 3236. Determine f(-4).
48
Let h(a) = -494*a**2 - 3931*a + 6. What is h(-8)?
-162
Let j(n) = -n**3 - 37*n**2 + 128*n + 209. Give j(-40).
-111
Let n(u) = 2*u**3 + 15*u**2 + 37*u + 16. What is n(-2)?
-14
Let t(x) = -7*x**2 - 39597*x - 316713. What is t(-8)?
-385
Let u(c) = c**3 + 100*c**2 - 107*c - 600. Give u(-101).
6
Let k(p) = -159*p - 4997. What is k(-34)?
409
Let c(z) = -2*z**2 + 249*z - 1492. Determine c(6).
-70
Let h(v) = -v**3 + 551*v**2 + 3901*v - 34. What is h(-7)?
1
Let w(j) = 2721*j + 353774. What is w(-130)?
44
Let d(h) = -464981*h - 1859899. Calculate d(-4).
25
Let q(f) = 1266*f - 21610. What is q(17)?
-88
Let v(y) = -2*y**3 + 65*y**2 - 29*y - 167. What is v(32)?
-71
Let x(v) = -1802*v - 99045. Calculate x(-55).
65
Let d(z) = -z**2 - 957*z - 32348. Determine d(-35).
-78
Let j(g) = -5*g**2 - 203*g - 683. Give j(-40).
-563
Let o(y) = 6*y**3 - 1067*y**2 + 834*y + 9030. Calculate o(177).
3
Let k(x) = -16174*x - 307297. What is k(-19)?
9
Let s(l) = -l**3 + 77*l**2 - 9*l + 1403. Give s(77).
710
Let n(j) = 4401*j - 44243. Determine n(10).
-233
Let k(m) = 4*m**3 + 135*m**2 + 915*m - 449. What is k(-24)?
55
Let n(b) = b**3 - 40*b**2 + 87*b - 1065. What is n(38)?
-647
Let f(v) = 8*v**2 - 2190*v + 3823. Calculate f(273).
2185
Let c(x) = -10*x**3 + 2*x**2 - 70*x + 172. Calculate c(5).
-1378
Let q(y) = 2*y**2 + 21321*y - 256323. Determine q(12).
-183
Let k(v) = -16*v**3 + 1985*v**2 + 3962*v + 7. What is k(-2)?
151
Let t(k) = -k**2 + 106*k + 1115. Calculate t(33).
3524
Let s(t) = 161429*t - 3228580. What is s(20)?
0
Let x(w) = -2*w**3 - 858*w**2 - 1706*w + 875. What is x(-427)?
21
Let u(q) = -q**3 - 22448*q**2 - 381312*q + 238. Determine u(-17).
-17
Let f(g) = -11*g**2 + 2960*g + 14808. What is f(-5)?
-267
Let t(n) = n**2 - 1493*n + 13324. Calculate t(9).
-32
Let i(r) = 13595*r - 54297. Give i(4).
83
Let j(r) = 190*r**2 - 2489*r + 258. Give j(13).
11
Let l(m) = 325*m + 8804. What is l(-27)?
29
Let z(l) = -l**3 - 291*l**2 - 14099*l - 3349307. Calculate z(-283).
-2
Let v(n) = n**3 + 76*n**2 + 41*n - 8126. Give v(-74).
-208
Let t(r) = -3493*r - 55064. Give t(-16).
824
Let j(b) = -47431*b - 90972655. What is j(-1918)?
3
Let a(o) = -3829*o - 31566. Determine a(-8).
-934
Let l(u) = -u**3 + 816*u**2 - u - 125. Calculate l(0).
-125
Let b(n) = n**3 - 574*n**2 + 2573*n + 1286. What is b(5)?
-74
Let h(q) = -q**3 - 124*q**2 + 2736*q - 20736. Give h(-144).
0
Let u(r) = -2*r**3 - 1218*r**2 - 1339*r - 74741. Give u(-608).
43
Let t(n) = -26*n**3 + 30*n**2 - 775*n + 744. Determine t(1).
-27
Let w(c) = -2*c**3 - 32*c**2 + 558*c + 1384. Determine w(12).
16
Let q(w) = -25260*w - 252602. Determine q(-10).
-2
Let m(y) = 4550*y + 95576. Calculate m(-21).
26
Let a(t) = 2129*t**2 - 4852*t + 3. Give a(2).
-1185
Let a(h) = -h**3 + 3*h**2 + 2562*h - 2563. What is a(1)?
1
Let u(m) = -3*m**3 - 285*m**2 + 284*m - 394. What is u(-96)?
-10
Let q(x) = 11*x**3 + 27*x**2 - 321*x - 655. Give q(-2).
7
Let v(g) = -2*g**3 - 30*g**2 - 136*g - 198. Calculate v(-4).
-6
Let r(n) = 1143955*n + 1. Give r(0).
1
Let w(o) = -304*o**2 + 1525*o - 48. What is w(5)?
-23
Let k(g) = -209*g**3 + 428*g**2 - 1796*g + 3563. Calculate k(2).
11
Let n(o) = 30*o**3 + 25295*o**2 + 4220*o + 4225. Determine n(-843).
10
Let 